68.
2, 2760617
List the prime factors of 50558593.
50558593
What are the prime factors of 60883487?
7, 8697641
What are the prime factors of 8394037?
8394037
List the prime factors of 188355171.
3, 62785057
What are the prime factors of 572983?
19, 53, 569
What are the prime factors of 1543824328?
2, 19, 911, 11149
List the prime factors of 3097007513.
3097007513
What are the prime factors of 484740213?
3, 161580071
List the prime factors of 2959548384.
2, 3, 13, 1013, 2341
What are the prime factors of 176360444?
2, 13, 3391547
List the prime factors of 25712204.
2, 7, 157, 5849
What are the prime factors of 2970091443?
3, 11, 3557, 25303
List the prime factors of 51732291.
3, 13, 233, 5693
What are the prime factors of 1567630402?
2, 13, 60293477
List the prime factors of 728119565.
5, 53, 2747621
What are the prime factors of 30545200?
2, 5, 7, 10909
What are the prime factors of 776025441?
3, 9580561
List the prime factors of 166257291.
3, 263, 210719
List the prime factors of 632024737.
593, 1065809
What are the prime factors of 3241008950?
2, 5, 6653, 9743
List the prime factors of 756599929.
3547, 213307
List the prime factors of 360959407.
97, 179, 20789
What are the prime factors of 19140927?
3, 13, 163, 3011
What are the prime factors of 512583180?
2, 3, 5, 1553, 5501
List the prime factors of 1641078061.
7, 53, 631913
What are the prime factors of 146509111?
7, 17, 769, 1601
What are the prime factors of 572173622?
2, 23, 59, 210823
What are the prime factors of 229833493?
53, 4336481
List the prime factors of 38965817.
11, 263, 13469
List the prime factors of 1982779308.
2, 3, 23, 1087, 2203
What are the prime factors of 2411535059?
6581, 366439
List the prime factors of 110687762.
2, 43, 1287067
List the prime factors of 183977186.
2, 131, 702203
List the prime factors of 4710440392.
2, 7, 47, 1789681
List the prime factors of 182186609.
11, 1193, 13883
What are the prime factors of 55546548?
2, 3, 17, 272287
What are the prime factors of 155087037?
3, 7, 277, 8887
What are the prime factors of 54409764?
2, 3, 4534147
List the prime factors of 4275249530.
2, 5, 427524953
List the prime factors of 1661071922.
2, 19, 43712419
What are the prime factors of 83416812?
2, 3, 307, 22643
List the prime factors of 4862322532.
2, 1215580633
List the prime factors of 139938793.
1451, 96443
What are the prime factors of 836193662?
2, 149, 233, 12043
List the prime factors of 114813514.
2, 57406757
What are the prime factors of 56271749?
19, 2961671
What are the prime factors of 52899110?
2, 5, 11, 131, 3671
List the prime factors of 32678989.
7, 4668427
List the prime factors of 2348880147.
3, 4751, 18311
List the prime factors of 9300898.
2, 167, 27847
List the prime factors of 22999726.
2, 29, 396547
What are the prime factors of 440797652?
2, 73, 1509581
What are the prime factors of 576871174?
2, 11, 349, 75133
What are the prime factors of 359682149?
359682149
What are the prime factors of 133736021?
769, 173909
List the prime factors of 229941535.
5, 45988307
What are the prime factors of 1575726162?
2, 3, 167, 331, 4751
List the prime factors of 1805854638.
2, 3, 7, 2029, 21191
What are the prime factors of 290870485?
5, 58174097
List the prime factors of 122815033.
11, 11165003
What are the prime factors of 2957243724?
2, 3, 73, 1125283
List the prime factors of 3075415749.
3, 7, 97, 227, 739
List the prime factors of 24064392.
2, 3, 11, 91153
What are the prime factors of 3201731461?
61, 52487401
What are the prime factors of 325640642?
2, 162820321
List the prime factors of 63157054.
2, 181, 174467
What are the prime factors of 71875249?
71875249
List the prime factors of 105322218.
2, 3, 1627, 10789
List the prime factors of 70132647.
3, 13, 1798273
List the prime factors of 47247983.
1117, 42299
What are the prime factors of 147762043?
11, 13, 643, 1607
List the prime factors of 855211682.
2, 13, 29, 419, 2707
List the prime factors of 553466346.
2, 3, 92244391
What are the prime factors of 43429002?
2, 3, 7238167
List the prime factors of 66779915.
5, 13355983
What are the prime factors of 248085150?
2, 3, 5, 1653901
What are the prime factors of 20168156?
2, 5042039
What are the prime factors of 351894444?
2, 3, 11, 2665867
List the prime factors of 142994374.
2, 349, 587
What are the prime factors of 126994376?
2, 47, 337751
What are the prime factors of 451850673?
3, 150616891
List the prime factors of 87999966.
2, 3, 491, 3319
List the prime factors of 3117228686.
2, 11, 13, 23, 473887
What are the prime factors of 5682222911?
83, 68460517
What are the prime factors of 193666680?
2, 3, 5, 179321
List the prime factors of 2909039553.
3, 7, 61, 756971
What are the prime factors of 51210465?
3, 5, 3414031
What are the prime factors of 1375494725?
5, 11, 454709
List the prime factors of 33400440.
2, 3, 5, 92779
What are the prime factors of 49831394?
2, 1151, 21647
List the prime factors of 352677320.
2, 5, 8816933
What are the prime factors of 239003707?
31, 281, 27437
What are the prime factors of 1563811988?
2, 31, 12611387
What are the prime factors of 2621955383?
37, 373, 189983
What are the prime factors of 87387090?
2, 3, 5, 7, 59447
What are the prime factors of 62221859?
7, 197, 45121
What are the prime factors of 7287354?
2, 3, 134951
What are the prime factors of 524571984?
2, 3, 173, 7019
List the prime factors of 95572070.
2, 5, 11, 31, 28027
What are the prime factors of 1648648?
2, 206081
List the prime factors of 2723821500.
2, 3, 5, 1815881
List the prime factors of 562352830.
2, 5, 13, 4325791
List the prime factors of 8695448.
2, 1086931
What are the prime factors of 2598675934?
2, 89, 1571, 9293
List the prime factors of 27160282.
2, 2341, 5801
List the prime factors of 2038240528.
2, 131, 972443
List the prime factors of 37559922.
2, 3, 19, 329473
What are the prime factors of 232570983?
3, 41, 97, 101, 193
List the prime factors of 95322953.
11, 787793
List the prime factors of 959273311.
19, 50488069
List the prime factors of 29358852.
2, 3, 43, 56897
What are the prime factors of 17458885?
5, 3491777
List the prime factors of 816251256.
2, 3, 47, 26801
What are the prime factors of 38275831?
11, 313, 11117
What are the prime factors of 745816334?
2, 372908167
List the prime factors of 5129512.
2, 17, 37717
What are the prime factors of 470773218?
2, 3, 78462203
List the prime factors of 35504607.
3, 59, 200591
List the prime factors of 33651306.
2, 3, 13, 31, 4639
List the prime factors of 259035203.
7, 167, 221587
List the prime factors of 218328458.
2, 43, 2538703
What are the prime factors of 5400954947?
2437, 2216231
List the prime factors of 222418911.
3, 11, 13, 439, 1181
What are the prime factors of 64140217?
281, 228257
What are the prime factors of 1179208557?
3, 43674391
List the prime factors of 48596092.
2, 71, 137, 1249
What are the prime factors of 417652704?
2, 3, 7, 207169
List the prime factors of 4365095855.
5, 191, 4570781
List the prime factors of 157163486.
2, 78581743
What are the prime factors of 940362077?
2311, 406907
List the prime factors of 55413560.
2, 5, 521, 2659
List the prime factors of 2628278.
2, 71, 83, 223
What are the prime factors of 108275018?
2, 113, 659, 727
What are the prime factors of 41545752?
2, 3, 1731073
List the prime factors of 514602614.
2, 17, 421, 35951
What are the prime factors of 292918826?
2, 113, 1296101
List the prime factors of 428599435.
5, 11, 19, 410143
What are the prime factors of 65528889?
3, 21842963
List the prime factors of 1537404425.
5, 61496177
List the prime factors of 173705655.
3, 5, 47, 246391
List the prime factors of 989273046.
2, 3, 223, 443, 1669
List the prime factors of 2111195.
5, 422239
List the prime factors of 129917439.
3, 1603919
List the prime factors of 254900753.
254900753
List the prime factors of 4108501011.
3, 53, 2399, 10771
List the prime factors of 175278212.
2, 2729, 16057
List the prime factors of 305429680.
2, 5, 1399, 2729
List the prime factors of 2413561839.
3, 13, 311, 15307
List the prime factors of 4872243049.
29, 2543, 66067
What are the prime factors of 746192900?
2, 5, 17, 438937
What are the prime factors of 40897921?
40897921
List the prime factors of 2180400586.
2, 7, 13, 17, 704719
List t